nds digit of 4249381?
4
What is the tens digit of 267262?
6
What is the thousands digit of 1212171?
2
What is the ten thousands digit of 18235736?
3
What is the ten thousands digit of 485681?
8
What is the hundreds digit of 3113564?
5
What is the millions digit of 3456018?
3
What is the millions digit of 1917611?
1
What is the ten thousands digit of 3764349?
6
What is the tens digit of 2139097?
9
What is the hundred thousands digit of 7808537?
8
What is the units digit of 3716545?
5
What is the units digit of 2157688?
8
What is the units digit of 1811466?
6
What is the hundred thousands digit of 3374303?
3
What is the thousands digit of 1658662?
8
What is the tens digit of 19576331?
3
What is the thousands digit of 260525?
0
What is the hundreds digit of 1712679?
6
What is the units digit of 8586071?
1
What is the thousands digit of 7160433?
0
What is the thousands digit of 1554222?
4
What is the millions digit of 5402321?
5
What is the ten millions digit of 10543734?
1
What is the thousands digit of 278810?
8
What is the units digit of 4128466?
6
What is the hundreds digit of 1766330?
3
What is the units digit of 5321475?
5
What is the units digit of 17746?
6
What is the ten thousands digit of 307811?
0
What is the units digit of 69924?
4
What is the thousands digit of 1740537?
0
What is the tens digit of 378787?
8
What is the hundreds digit of 10130610?
6
What is the thousands digit of 32715?
2
What is the units digit of 5580452?
2
What is the tens digit of 3024799?
9
What is the tens digit of 150371?
7
What is the units digit of 1379788?
8
What is the tens digit of 18773397?
9
What is the tens digit of 931486?
8
What is the units digit of 75961?
1
What is the hundreds digit of 203747?
7
What is the ten thousands digit of 606233?
0
What is the hundreds digit of 122799?
7
What is the millions digit of 4132089?
4
What is the units digit of 3929892?
2
What is the hundreds digit of 2451581?
5
What is the hundred thousands digit of 5827373?
8
What is the tens digit of 6549806?
0
What is the hundred thousands digit of 4695196?
6
What is the units digit of 5082863?
3
What is the tens digit of 1716370?
7
What is the ten thousands digit of 287649?
8
What is the thousands digit of 8821632?
1
What is the tens digit of 1358142?
4
What is the units digit of 9115009?
9
What is the thousands digit of 396190?
6
What is the ten thousands digit of 157970?
5
What is the hundred thousands digit of 700596?
7
What is the thousands digit of 843708?
3
What is the tens digit of 18020411?
1
What is the units digit of 14751118?
8
What is the hundreds digit of 140365?
3
What is the hundreds digit of 302967?
9
What is the units digit of 36966?
6
What is the hundred thousands digit of 854557?
8
What is the units digit of 2111123?
3
What is the tens digit of 78625?
2
What is the hundreds digit of 9807545?
5
What is the ten thousands digit of 444530?
4
What is the units digit of 6216195?
5
What is the ten thousands digit of 590528?
9
What is the tens digit of 516566?
6
What is the units digit of 254247?
7
What is the thousands digit of 1499540?
9
What is the hundreds digit of 3567131?
1
What is the thousands digit of 7701434?
1
What is the hundreds digit of 297417?
4
What is the units digit of 266816?
6
What is the hundred thousands digit of 18487024?
4
What is the units digit of 511531?
1
What is the hundreds digit of 1029879?
8
What is the units digit of 5967516?
6
What is the tens digit of 92015?
1
What is the tens digit of 183309?
0
What is the thousands digit of 322321?
2
What is the ten thousands digit of 170851?
7
What is the ten thousands digit of 17082516?
8
What is the hundred thousands digit of 519166?
5
What is the hundreds digit of 6315031?
0
What is the hundred thousands digit of 297090?
2
What is the tens digit of 12907900?
0
What is the tens digit of 83910?
1
What is the hundreds digit of 14713228?
2
What is the hundred thousands digit of 761552?
7
What is the thousands digit of 16331?
6
What is the ten thousands digit of 12258951?
5
What is the tens digit of 21119?
1
What is the millions digit of 13065699?
3
What is the hundred thousands digit of 331528?
3
What is the tens digit of 1169527?
2
What is the thousands digit of 316586?
6
What is the ten thousands digit of 4916717?
1
What is the hundred thousands digit of 5959307?
9
What is the ten millions digit of 13886226?
1
What is the tens digit of 8803145?
4
What is the ten thousands digit of 29679962?
7
What is the ten thousands digit of 7351835?
5
What is the millions digit of 11511853?
1
What is the units digit of 842059?
9
What is the units digit of 1367965?
5
What is the units digit of 1597605?
5
What is the hundreds digit of 827602?
6
What is the hundred thousands digit of 3401881?
4
What is the ten thousands digit of 1271326?
7
What is the thousands digit of 62329?
2
What is the ten thousands digit of 196390?
9
What is the thousands digit of 336655?
6
What is the tens digit of 157290?
9
What is the hundred thousands digit of 7876975?
8
What is the hundreds digit of 2576272?
2
What is the units digit of 256738?
8
What is the tens digit of 2550764?
6
What is the ten thousands digit of 2015710?
1
What is the hundred thousands digit of 756802?
7
What is the hundreds digit of 2172?
1
What is the millions digit of 2572535?
2
What is the thousands digit of 226728?
6
What is the tens digit of 276403?
0
What is the ten thousands digit of 2666597?
6
What is the ten millions digit of 10443085?
1
What is the thousands digit of 1359438?
9
What is the tens digit of 70932?
3
What is the millions digit of 23949716?
3
What is the hundreds digit of 273945?
9
What is the hundreds digit of 299249?
2
What is the ten thousands digit of 284696?
8
What is the units digit of 355151?
1
What is the hundred thousands digit of 120218?
1
What is the hundred thousands digit of 196711?
1
What is the tens digit of 459241?
4
What is the units digit of 838667?
7
What is the thousands digit of 47417?
7
What is the hundred thousands digit of 166581?
1
What is the tens digit of 218715?
1
What is the units digit of 1222855?
5
What is the hundreds digit of 1458307?
3
What is the hundreds digit of 6658?
6
What is the thousands digit of 29579502?
9
What is the thousands digit of 98838?
8
What is the millions digit of 3177806?
3
What is the tens digit of 3880529?
2
What is the ten thousands digit of 2858461?
5
What is the thousands digit of 8086229?
6
What is the hundreds digit of 4027441?
4
What is the hundreds digit of 463557?
5
What is the thousands digit of 8244657?
4
What is the ten thousands digit of 154281?
5
What is the hundred thousands digit of 5631172?
6
What is the hundreds digit of 96085?
0
What is the thousands digit of 1402450?
2
What is the ten millions digit of 37021780?
3
What is the units digit of 320557?
7
What is the hundred thousands digit of 1107688?
1
What is the hundred thousands digit of 202606?
2
What is the tens digit of 345481?
8
What is the hundreds digit of 791526?
5
What is the tens digit of 28735230?
3
What is the thousands digit of 932207?
2
What is the hundred thousands digit of 170502?
1
What is the hundred thousands digit of 8261714?
2
What is the hundred thousands digit of 141331?
1
What is the thousands digit of 3606312?
6
What is the hundred thousands digit of 3380995?
3
What is the units digit of 1219987?
7
What is the ten thousands digit of 17476542?
7
What is the ten thousands digit of 261048?
6
What is the hundred thousands digit of 405624?
4
What is the hundreds digit of 76416?
4
What is the units digit of 2762?
2
What is the tens digit of 9132660?
6
What is the hundred thousands digit of 197192?
1
What is the ten thousands digit of 345545?
4
What is the ten thousands digit of 239866?
3
What is the units digit of 2128609?
9
What is the tens digit of 41614?
1
What is the ten thousands digit of 19007209?
0
What is the thousands digit of 1191101?
1
What is the units digit of 318860?
0
What is the tens digit of 67895?
9
What is the thousands digit of 4992511?
2
What is the thousands digit of 1777691?
7
What is the hundreds digit of 636231?
2
What is the tens digit of 2084891?
9
What is the millions digit of 5467863?
5
What is the units digit of 1951960?
0
What is the tens digit of 11199879?
7
Wha